{"id":108,"date":"2024-03-06T13:22:57","date_gmt":"2024-03-06T13:22:57","guid":{"rendered":"http:\/\/transferalmeria.com\/?page_id=108"},"modified":"2024-04-17T17:09:26","modified_gmt":"2024-04-17T17:09:26","slug":"congresos-y-ferias-2","status":"publish","type":"page","link":"https:\/\/transferalmeria.com\/en\/congresos-y-ferias-2\/","title":{"rendered":"Congresses and Fairs"},"content":{"rendered":"<p>[et_pb_section fb_built=\u00bb1&#8243; _builder_version=\u00bb4.24.2&#8243; _module_preset=\u00bbdefault\u00bb background_color=\u00bb#28347d\u00bb background_image=\u00bbhttps:\/\/transferalmeria.com\/wp-content\/uploads\/2024\/03\/congresos-y-ferias.jpg\u00bb background_blend=\u00bbsoft-light\u00bb height=\u00bb350px\u00bb border_width_bottom=\u00bb5px\u00bb border_color_bottom=\u00bb#E09900&#8243; global_colors_info=\u00bb{}\u00bb][et_pb_row column_structure=\u00bb1_2,1_2&#8243; use_custom_gutter=\u00bbon\u00bb make_equal=\u00bbon\u00bb _builder_version=\u00bb4.24.2&#8243; _module_preset=\u00bbdefault\u00bb global_colors_info=\u00bb{}\u00bb][et_pb_column type=\u00bb1_2&#8243; _builder_version=\u00bb4.24.2&#8243; _module_preset=\u00bbdefault\u00bb custom_css_main_element=\u00bbmargin:auto\u00bb global_colors_info=\u00bb{}\u00bb][et_pb_text _builder_version=\u00bb4.24.2&#8243; _module_preset=\u00bbdefault\u00bb header_font=\u00bbRajdhani|700|||||||\u00bb header_text_color=\u00bb#FFFFFF\u00bb header_font_size=\u00bb35px\u00bb global_colors_info=\u00bb{}\u00bb]<\/p>\n<header class=\"entry-header\">\n<h1 class=\"entry-title\">Congresos Y Ferias<\/h1>\n<\/header>\n<div class=\"entry-content\"><\/div>\n<p>[\/et_pb_text][et_pb_button button_text=\u00bbReserva online\u00bb button_alignment=\u00bbleft\u00bb _builder_version=\u00bb4.24.2&#8243; _module_preset=\u00bbdefault\u00bb custom_button=\u00bbon\u00bb button_text_color=\u00bb#FFFFFF\u00bb button_bg_color=\u00bb#E09900&#8243; button_border_width=\u00bb0px\u00bb button_border_color=\u00bb#E09900&#8243; button_font=\u00bbRajdhani||||||||\u00bb button_icon=\u00bb&#xf1b9;||fa||900&#8243; global_module=\u00bb84&#8243; saved_tabs=\u00bball\u00bb global_colors_info=\u00bb{}\u00bb][\/et_pb_button][\/et_pb_column][et_pb_column type=\u00bb1_2&#8243; _builder_version=\u00bb4.24.2&#8243; _module_preset=\u00bbdefault\u00bb global_colors_info=\u00bb{}\u00bb][\/et_pb_column][\/et_pb_row][\/et_pb_section][et_pb_section fb_built=\u00bb1&#8243; _builder_version=\u00bb4.24.2&#8243; _module_preset=\u00bbdefault\u00bb custom_padding=\u00bb40px|||||\u00bb global_colors_info=\u00bb{}\u00bb][et_pb_row column_structure=\u00bb1_2,1_2&#8243; _builder_version=\u00bb4.24.2&#8243; _module_preset=\u00bbdefault\u00bb global_colors_info=\u00bb{}\u00bb][et_pb_column type=\u00bb1_2&#8243; _builder_version=\u00bb4.24.2&#8243; _module_preset=\u00bbdefault\u00bb global_colors_info=\u00bb{}\u00bb][et_pb_text _builder_version=\u00bb4.24.2&#8243; _module_preset=\u00bbdefault\u00bb text_font=\u00bbRajdhani||||||||\u00bb text_font_size=\u00bb18px\u00bb hover_enabled=\u00bb0&#8243; global_colors_info=\u00bb{}\u00bb text_line_height=\u00bb1.4em\u00bb sticky_enabled=\u00bb0&#8243;]<\/p>\n<p><span style=\"font-weight: 400;\">Todos queremos que nuestros eventos cumplan con las expectativas de los asistentes y que todo salga bien. Por eso, <\/span><b>ofrecemos el servicio m\u00e1s econ\u00f3mico y c\u00f3modo para asegurar que tus invitados lleguen a tiempo y se sientan bien atendidos<\/b><span style=\"font-weight: 400;\">.<\/span><\/p>\n<p><b>Nuestra flota de veh\u00edculos de alta gama est\u00e1 dise\u00f1ada para ofrecer el m\u00e1ximo confort y seguridad durante todo el trayecto<\/b><span style=\"font-weight: 400;\">. Desde elegantes sedanes hasta amplias minivans, siempre tenemos la opci\u00f3n perfecta para las necesidades de tu evento.<\/span><\/p>\n<p><span style=\"font-weight: 400;\">No dejes al azar el transporte y la log\u00edstica de tu pr\u00f3ximo congreso o feria. <\/span><b>Conf\u00eda en Transfer Almer\u00eda para proporcionarte un servicio personalizado que impresionar\u00e1 a tus invitados y har\u00e1 que tu evento sea un \u00e9xito rotundo<\/b><span style=\"font-weight: 400;\">.<\/span><\/p>\n<p><span style=\"font-weight: 400;\">\u00a1Cont\u00e1ctanos hoy mismo para obtener m\u00e1s informaci\u00f3n y reservar tu transporte!<\/span><\/p>\n<p>[\/et_pb_text][\/et_pb_column][et_pb_column type=\u00bb1_2&#8243; _builder_version=\u00bb4.24.2&#8243; _module_preset=\u00bbdefault\u00bb global_colors_info=\u00bb{}\u00bb][et_pb_image src=\u00bbhttps:\/\/transferalmeria.com\/wp-content\/uploads\/2024\/03\/congresos-y-ferias.jpg\u00bb alt=\u00bbcongresos y ferias\u00bb title_text=\u00bbcongresos y ferias\u00bb _builder_version=\u00bb4.24.2&#8243; _module_preset=\u00bbdefault\u00bb global_colors_info=\u00bb{}\u00bb force_fullwidth=\u00bbon\u00bb border_color_bottom=\u00bb#0C71C3&#8243; border_width_bottom=\u00bb5px\u00bb][\/et_pb_image][\/et_pb_column][\/et_pb_row][\/et_pb_section]<\/p>\n","protected":false},"excerpt":{"rendered":"<p>Congresos Y Ferias Todos queremos que nuestros eventos cumplan con las expectativas de los asistentes y que todo salga bien. Por eso, ofrecemos el servicio m\u00e1s econ\u00f3mico y c\u00f3modo para asegurar que tus invitados lleguen a tiempo y se sientan bien atendidos. Nuestra flota de veh\u00edculos de alta gama est\u00e1 dise\u00f1ada para ofrecer el m\u00e1ximo [&hellip;]<\/p>\n","protected":false},"author":2,"featured_media":0,"parent":0,"menu_order":0,"comment_status":"closed","ping_status":"closed","template":"","meta":{"_et_pb_use_builder":"on","_et_pb_old_content":"","_et_gb_content_width":"","om_disable_all_campaigns":false,"_monsterinsights_skip_tracking":false,"_monsterinsights_sitenote_active":false,"_monsterinsights_sitenote_note":"","_monsterinsights_sitenote_category":0,"_uf_show_specific_survey":0,"_uf_disable_surveys":false,"footnotes":""},"class_list":["post-108","page","type-page","status-publish","hentry"],"aioseo_notices":[],"_links":{"self":[{"href":"https:\/\/transferalmeria.com\/en\/wp-json\/wp\/v2\/pages\/108","targetHints":{"allow":["GET"]}}],"collection":[{"href":"https:\/\/transferalmeria.com\/en\/wp-json\/wp\/v2\/pages"}],"about":[{"href":"https:\/\/transferalmeria.com\/en\/wp-json\/wp\/v2\/types\/page"}],"author":[{"embeddable":true,"href":"https:\/\/transferalmeria.com\/en\/wp-json\/wp\/v2\/users\/2"}],"replies":[{"embeddable":true,"href":"https:\/\/transferalmeria.com\/en\/wp-json\/wp\/v2\/comments?post=108"}],"version-history":[{"count":6,"href":"https:\/\/transferalmeria.com\/en\/wp-json\/wp\/v2\/pages\/108\/revisions"}],"predecessor-version":[{"id":299,"href":"https:\/\/transferalmeria.com\/en\/wp-json\/wp\/v2\/pages\/108\/revisions\/299"}],"wp:attachment":[{"href":"https:\/\/transferalmeria.com\/en\/wp-json\/wp\/v2\/media?parent=108"}],"curies":[{"name":"wp","href":"https:\/\/api.w.org\/{rel}","templated":true}]}}

<p>[et_pb_section fb_built=»1&#8243; _builder_version=»4.24.2&#8243; _module_preset=»default» background_color=»#28347d» background_image=»https://transferalmeria.com/wp-content/uploads/2024/03/congresos-y-ferias.jpg» background_blend=»soft-light» height=»350px» border_width_bottom=»5px» border_color_bottom=»#E09900&#8243; global_colors_info=»{}»][et_pb_row column_structure=»1_2,1_2&#8243; use_custom_gutter=»on» make_equal=»on» _builder_version=»4.24.2&#8243; _module_preset=»default» global_colors_info=»{}»][et_pb_column type=»1_2&#8243; _builder_version=»4.24.2&#8243; _module_preset=»default» custom_css_main_element=»margin:auto» global_colors_info=»{}»][et_pb_text _builder_version=»4.24.2&#8243; _module_preset=»default» header_font=»Rajdhani|700|||||||» header_text_color=»#FFFFFF» header_font_size=»35px» global_colors_info=»{}»]</p>
<header class="entry-header">
<h1 class="entry-title">Congresos Y Ferias</h1>
</header>
<div class="entry-content"></div>
<p>[/et_pb_text][et_pb_button button_text=»Reserva online» button_alignment=»left» _builder_version=»4.24.2&#8243; _module_preset=»default» custom_button=»on» button_text_color=»#FFFFFF» button_bg_color=»#E09900&#8243; button_border_width=»0px» button_border_color=»#E09900&#8243; button_font=»Rajdhani||||||||» button_icon=»&#xf1b9;||fa||900&#8243; global_module=»84&#8243; saved_tabs=»all» global_colors_info=»{}»][/et_pb_button][/et_pb_column][et_pb_column type=»1_2&#8243; _builder_version=»4.24.2&#8243; _module_preset=»default» global_colors_info=»{}»][/et_pb_column][/et_pb_row][/et_pb_section][et_pb_section fb_built=»1&#8243; _builder_version=»4.24.2&#8243; _module_preset=»default» custom_padding=»40px|||||» global_colors_info=»{}»][et_pb_row column_structure=»1_2,1_2&#8243; _builder_version=»4.24.2&#8243; _module_preset=»default» global_colors_info=»{}»][et_pb_column type=»1_2&#8243; _builder_version=»4.24.2&#8243; _module_preset=»default» global_colors_info=»{}»][et_pb_text _builder_version=»4.24.2&#8243; _module_preset=»default» text_font=»Rajdhani||||||||» text_font_size=»18px» hover_enabled=»0&#8243; global_colors_info=»{}» text_line_height=»1.4em» sticky_enabled=»0&#8243;]</p>
<p><span style="font-weight: 400;">Todos queremos que nuestros eventos cumplan con las expectativas de los asistentes y que todo salga bien. Por eso, </span><b>ofrecemos el servicio más económico y cómodo para asegurar que tus invitados lleguen a tiempo y se sientan bien atendidos</b><span style="font-weight: 400;">.</span></p>
<p><b>Nuestra flota de vehículos de alta gama está diseñada para ofrecer el máximo confort y seguridad durante todo el trayecto</b><span style="font-weight: 400;">. Desde elegantes sedanes hasta amplias minivans, siempre tenemos la opción perfecta para las necesidades de tu evento.</span></p>
<p><span style="font-weight: 400;">No dejes al azar el transporte y la logística de tu próximo congreso o feria. </span><b>Confía en Transfer Almería para proporcionarte un servicio personalizado que impresionará a tus invitados y hará que tu evento sea un éxito rotundo</b><span style="font-weight: 400;">.</span></p>
<p><span style="font-weight: 400;">¡Contáctanos hoy mismo para obtener más información y reservar tu transporte!</span></p>
<p>[/et_pb_text][/et_pb_column][et_pb_column type=»1_2&#8243; _builder_version=»4.24.2&#8243; _module_preset=»default» global_colors_info=»{}»][et_pb_image src=»https://transferalmeria.com/wp-content/uploads/2024/03/congresos-y-ferias.jpg» alt=»congresos y ferias» title_text=»congresos y ferias» _builder_version=»4.24.2&#8243; _module_preset=»default» global_colors_info=»{}» force_fullwidth=»on» border_color_bottom=»#0C71C3&#8243; border_width_bottom=»5px»][/et_pb_image][/et_pb_column][/et_pb_row][/et_pb_section]</p>

<p>Congresos Y Ferias Todos queremos que nuestros eventos cumplan con las expectativas de los asistentes y que todo salga bien. Por eso, ofrecemos el servicio más económico y cómodo para asegurar que tus invitados lleguen a tiempo y se sientan bien atendidos. Nuestra flota de vehículos de alta gama está diseñada para ofrecer el máximo [&hellip;]</p>
